digit of p?
7
Let n(u) = u + 7. What is the units digit of n(8)?
5
Let z(o) = 4*o**2 - o. Let m be z(1). Suppose 5*q = 15, -q = -2*a + m*q - 2. What is the units digit of a?
5
Suppose 6*y - 651 = -y. What is the tens digit of y?
9
Suppose 5*r - 12 - 193 = 0. What is the units digit of r?
1
Suppose 3*w = 3*n - 113 - 187, 0 = 5*n + 3*w - 500. What is the tens digit of n?
0
Let q(a) = a**3 + 2*a. Let z = -2 - -4. Let v be q(z). Suppose 3*i - v = -0*i. What is the units digit of i?
4
Suppose -2*h - 5*k = -215, -k = -2*h - 11 + 208. What is the hundreds digit of h?
1
Suppose 3*x + 165 = 3*r, 219 = 4*r - 2*x + 5. What is the units digit of r?
2
Suppose -2*i = i - 180. What is the tens digit of i?
6
Suppose -3*t = 2*a - 30, -3*a - t + 27 + 11 = 0. Suppose -n + 3*s = -a, 4*s + 4 = -5*n + 3*s. What is the units digit of (n + 4 - 2) + 1?
3
Let m(a) = -a**3 + 7*a**2 - a + 7. Let u be m(7). Suppose 3*q + 6 = 2*f + 5*q, -3*f - q + 13 = u. Let w = -2 + f. What is the units digit of w?
3
Let z(a) be the third derivative of -a**6/120 - 3*a**5/20 + 3*a**4/8 - 2*a**3/3 - 2*a**2. Suppose 2*x + 40 = -2*x. What is the units digit of z(x)?
6
Suppose -5*c - 39 = -129. Suppose -3*d = -3*j + c, 4*d - 5*d = -5*j + 22. What is the units digit of j?
4
Suppose -263 - 77 = -5*l. What is the tens digit of l?
6
Suppose 3 = -2*q - 3*w, 2*w = 5*w + 9. Suppose -q = -3*a + 6. Suppose 0 = a*c + 3*n + 3, 4*c - 3*n = 18 - 1. What is the units digit of c?
2
Let y(t) = -t - 1. Let r be y(0). Let u(f) = -22*f**3 - f**2 + f + 1. Let n be u(r). Suppose 14 + 10 = 4*c - 4*o, -5*c = 4*o - n. What is the units digit of c?
5
Let y(g) = -g**3 + 9*g**2 - g + 10. Let b be y(9). Suppose -2*d = -d - b. What is the units digit of -2 - d - (-12 + -1)?
0
Suppose i = 5*i + 3*k, 0 = 5*i + 2*k. Suppose i = r - 0*r. Suppose r = -4*p - 2 + 6. What is the units digit of p?
1
Let u(l) = -2*l + 6. Let b be u(4). Let i be 68/(-8) - (-1)/b. Let y = 3 - i. What is the units digit of y?
2
Let l = 7 - 0. Let g = l - 1. What is the units digit of g?
6
Let m(u) = -32*u**3. Suppose 3*w + 2 + 1 = 0. What is the units digit of m(w)?
2
Let c be (-6)/4*4/(-3). Let i be ((-1 - -1) + c)*3. Let q(t) = -t**2 + 8*t - 5. What is the units digit of q(i)?
7
Let w(p) = 0 + 4*p - 2 - 3*p. Suppose d = -3 + 6. What is the units digit of w(d)?
1
Suppose 1 = u, 0 = 2*n - 3*n + 2*u. Suppose -3*q - n*q = -60. What is the units digit of q?
2
Let z(x) = -2*x + x + 1 + 0*x**2 + x**2 - 5*x. Let h be z(6). Let r = 8 - h. What is the units digit of r?
7
Let c = 7 + -4. Let r = c - 0. What is the units digit of r?
3
Suppose -5*t + 58 = a, -t + a = -15 + 1. Suppose t = -4*p + 7*p. Suppose -p*y + 35 = 3. What is the units digit of y?
8
Suppose 5*c + 2*k - 6*k = 155, -3*c + 91 = -2*k. What is the tens digit of c?
2
Suppose -3*c + 3 = 9. Let h = 3 + c. What is the units digit of h?
1
Suppose 2*n = 5*n + 2*g - 20, 0 = 5*n - 2*g - 44. Suppose 5*s - s = -n, 3*f + 6 = -3*s. Let u(c) = -c**2 + c + 5. What is the units digit of u(f)?
5
Let d(k) = k**3 + 21*k**2 - 5*k + 5. What is the units digit of d(-21)?
0
Let c be 2/7 + (-12)/(-7). Suppose -3*z = -2*w - 0*w - 43, -4*w = -c*z + 18. What is the tens digit of z?
1
What is the units digit of 504/9 + (-3)/(-3)?
7
Let a(x) = x. Let m(s) be the second derivative of -s**3/6 + 2*s. Let v(w) = -2*a(w) - m(w). What is the units digit of v(-8)?
8
Let h(t) = t + 7. Let o be h(-5). Let v(b) = -b**2 - 7 + 11*b**o - 9*b + 17 - b**3. What is the units digit of v(9)?
0
Let a = 108 + -49. What is the units digit of a?
9
Let d(g) = 0 + 1 - 5 - g + 2*g + g**2. What is the units digit of d(-4)?
8
Let r(c) = -c - 4. Let x(p) = 1. Let f(m) = -r(m) - x(m). Let v be -2 + 0 - 8/(-4). What is the units digit of f(v)?
3
Let y = -4 + -8. What is the units digit of (2/4)/((-1)/y)?
6
Suppose 2*d - 6*d = -44. Let c be -1 + 0 + d + 2. What is the units digit of c*(16/6 + -2)?
8
Let m(d) be the third derivative of d**6/120 - 7*d**5/30 + 7*d**4/12 + 3*d**3 + 8*d**2. What is the units digit of m(13)?
1
Suppose 2 = -5*d + 32. Suppose 24 = -5*c - d. Let l(s) = s**3 + 7*s**2 + 5*s - 2. What is the units digit of l(c)?
4
What is the hundreds digit of 14/(-6)*(-1386)/14?
2
Suppose 18 = -4*d - 14. Let n be (-76)/(-6) - d/(-12). Let i = n + -3. What is the units digit of i?
9
Let c = 64 + -29. What is the units digit of 2/4 + c/10?
4
Suppose 0*b = -b + 1. What is the units digit of -1*((-1 - b) + -1)?
3
Let p(d) = -d + 5. Let x be p(5). Suppose 0 = t - x*t - 13. What is the tens digit of t?
1
Let s(h) be the third derivative of 0 - 5/6*h**3 + 0*h - h**2 + 1/24*h**4. What is the units digit of s(8)?
3
Let u(i) be the third derivative of 1/30*i**5 - 1/24*i**4 + 1/3*i**3 + 0 + 2*i**2 + 0*i. What is the units digit of u(2)?
8
Let f be (13/(-3))/(((-6)/(-18))/(-1)). Let x(v) be the second derivative of v**3/3 - 5*v**2 - v. What is the tens digit of x(f)?
1
Let i be 1/2*(0 - -10). Let s = -7 + i. What is the tens digit of 1/(s + 29/14)?
1
Suppose 0*i - 1313 = -4*f + 5*i, 5*f - 1645 = 5*i. What is the units digit of f?
2
Let s(b) = 4*b + 3. Let j be s(-2). Let i(o) = o**3 + 5*o**2 - 4*o + 5. What is the units digit of i(j)?
5
Let z be (42/(-8))/(3/(-16)). Suppose 0 = -3*p + 3 + 33. Let x = z - p. What is the tens digit of x?
1
Suppose 0 = -r - 2*c + 74, -5*r + 2*c + 370 = -0*c. Suppose -6 = -4*w + r. What is the units digit of w?
0
Let u(b) = -3*b**2 - 1 + 18*b**2 + 7*b**2. What is the units digit of u(-1)?
1
Suppose 4*y - 2*y + 12 = 0. What is the tens digit of 0 + 27 + y/6?
2
Let b = 37 + -27. Let f = b + 19. What is the units digit of f?
9
Suppose -4*p = -9*p - 4*w + 12, 6 = -p + 2*w. Suppose 3*u = q + q - 38, 4*u + 16 = p. What is the tens digit of q?
1
Suppose -3*x + 4*n + 16 = 0, 2*n + 0*n = 3*x - 8. Let g = x + -1. Let b = g + 2. What is the units digit of b?
1
Let q be 78/4*(-4)/(-6). What is the units digit of q/2*(-4)/(-2)?
3
Suppose 4*n = n. Suppose n = -h - 5*m - 14, -6*m = -5*h - 2*m + 46. What is the units digit of h?
6
Let k(b) = -b + 1. Let r(v) = 2*v - 8. Let q(d) = 5*k(d) + r(d). Let t be q(-6). Suppose -3*y + 4*y = 4*i - t, -2*y = -2. What is the units digit of i?
4
What is the tens digit of ((-21)/(-84))/(1302/(-1304) - -1)?
6
Suppose 0 = -3*t + 4*g + 580, 3*t - 2*g + 118 - 690 = 0. What is the tens digit of t?
8
Let i(y) = y**2 + y - 4. Let w be i(5). Let x = w - 13. What is the units digit of x?
3
Let u = 315 + -73. What is the tens digit of u?
4
Suppose 0 = -2*z + 77 - 7. Suppose -z = -5*d + 3*m + m, 4*m - 35 = -5*d. Let q = d + 0. What is the units digit of q?
7
Let x(d) be the first derivative of 3*d**2/2 + 9*d - 9. What is the units digit of x(9)?
6
Suppose -2*w - 2*j = -112, 2*w - 114 = -0*j - 3*j. What is the tens digit of w?
5
Let j be (5 + -3)/(1/2). Suppose j*f = 2*f. Let x = 4 - f. What is the units digit of x?
4
Let i = -107 - -218. What is the tens digit of i?
1
Suppose -9 = 3*q - 3*l, 0 = -0*q + q - 4*l + 18. Let u = 42 - 39. Suppose -q*s = -3*r - 21, 23 = -4*r + u. What is the units digit of s?
3
Let v(g) = g**3 - g + 5. Suppose -3*j + 9 = 5*q, -4*q - 5*j + 4 = -11. Let f be v(q). Suppose f*i = 3*i + 8. What is the units digit of i?
4
Let q(l) be the first derivative of l**3/3 + l**2 - l + 1. Let o be q(-3). Suppose -2*g + 3*v + 1 = 0, -5*v - 5 = -o*g - 3*g. What is the units digit of g?
2
Let a = -52 - -90. What is the tens digit of a?
3
Let i(v) = v**3 - 2*v**2 - 2*v + 1. Let r be i(2). Let a = -7 - r. What is the units digit of (-10)/a + 1/(-2)?
2
Let o = -2 + 11. Suppose 6*m = 3*m + 3*q - o, 5*m = -4*q + 12. Suppose 0 = 5*d - 5, m*w + d = -w + 4. What is the units digit of w?
3
Let b be (220/15)/((-4)/(-6)). Suppose -2*d = -4*d + b. What is the units digit of d?
1
Let a = 16 + 6. What is the units digit of a?
2
Let a(q) = 4*q**2 + 10*q - q**3 + 0*q**2 - 5 - 4. Let c be a(6). What is the tens digit of (c/1)/((-9)/6)?
1
Suppose -3*r - 13 = v + r, -5*v = -r + 2. Let h be v/3 - 4/6. What is the units digit of (4 - h) + 10/5?
7
What is the units digit of 98/4 - 1/2?
4
Suppose -5*o + 39 = -2*x, 0 = -5*o + 2*x - x + 37. Let i = o - 2. Let y = i - 3. What is the units digit of y?
2
Let v = 6 + -6. Suppose -4*a - 13 = -3*o + 8, v = 2*a - 6. What is the units digit of o?
1
Suppose 2*f = 138 + 8. What is the tens d